
7
Calculate the highest common divisor of 22 and 121.
11
What is the highest common divisor of 221 and 143?
13
Calculate the greatest common divisor of 783 and 54.
27
Calculate the highest common factor of 2088 and 8.
8
Calculate the highest common divisor of 405 and 18.
9
Calculate the greatest common divisor of 185 and 235.
5
Calculate the greatest common divisor of 390 and 1820.
130
Calculate the highest common factor of 89 and 5251.
89
Calculate the greatest common factor of 1782 and 22.
22
Calculate the highest common divisor of 312 and 24.
24
Calculate the greatest common divisor of 8 and 724.
4
Calculate the greatest common divisor of 29 and 464.
29
Calculate the highest common divisor of 4160 and 65.
65
What is the greatest common factor of 8 and 68440?
8
What is the highest common factor of 1 and 103?
1
What is the highest common factor of 2101 and 5921?
191
What is the highest common factor of 476 and 28?
28
Calculate the greatest common factor of 14 and 32.
2
What is the greatest common divisor of 154 and 56?
14
Calculate the highest common factor of 1303 and 1.
1
What is the highest common divisor of 4448 and 1?
1
Calculate the greatest common factor of 28 and 105476.
28
What is the highest common divisor of 238 and 112?
14
Calculate the highest common divisor of 4516 and 4.
4
Calculate the highest common factor of 1359 and 1963.
151
Calculate the highest common divisor of 8 and 192.
8
Calculate the highest common divisor of 8 and 32.
8
Calculate the highest common divisor of 2016 and 64.
32
Calculate the greatest common factor of 6407 and 86.
43
What is the greatest common divisor of 129 and 4171?
43
What is the greatest common factor of 272 and 17?
17
Calculate the greatest common divisor of 1072 and 16.
16
What is the greatest common factor of 108 and 1998?
54
Calculate the greatest common factor of 69 and 27.
3
What is the highest common factor of 47 and 47?
47
What is the greatest common divisor of 6370 and 30?
10
Calculate the greatest common divisor of 69 and 39.
3
What is the highest common divisor of 54 and 4?
2
What is the greatest common divisor of 9234 and 228?
114
What is the greatest common factor of 888 and 80?
8
What is the greatest common factor of 1 and 569?
1
Calculate the greatest common divisor of 444 and 1443.
111
What is the highest common factor of 4 and 236?
4
Calculate the greatest common factor of 187 and 22.
11
Calculate the greatest common divisor of 11 and 869.
11
What is the greatest common factor of 62 and 2?
2
Calculate the highest common factor of 646 and 34.
34
Calculate the highest common divisor of 1159 and 549.
61
Calculate the highest common factor of 10797 and 177.
177
What is the greatest common divisor of 116 and 2?
2
Calculate the greatest common divisor of 22313 and 53.
53
What is the greatest common divisor of 1 and 343?
1
Calculate the highest common divisor of 4 and 58.
2
What is the greatest common divisor of 711 and 9?
9
What is the highest common divisor of 1025 and 82?
41
Calculate the highest common factor of 599 and 1.
1
Calculate the highest common factor of 3 and 12549.
3
What is the highest common factor of 72 and 90?
18
What is the greatest common divisor of 30 and 795?
15
What is the greatest common divisor of 48 and 54?
6
What is the greatest common factor of 1593 and 236?
59
Calculate the highest common factor of 33 and 187.
11
Calculate the highest common divisor of 57 and 6593.
19
Calculate the greatest common divisor of 3567 and 492.
123
What is the highest common factor of 560 and 240?
80
What is the greatest common divisor of 6278 and 258?
86
What is the highest common divisor of 3 and 225?
3
Calculate the greatest common divisor of 876 and 60.
12
What is the greatest common factor of 5140 and 20?
20
Calculate the highest common factor of 750 and 285.
15
Calculate the highest common divisor of 330 and 270.
30
Calculate the greatest common factor of 3716 and 4.
4
Calculate the greatest common divisor of 1 and 1.
1
What is the greatest common divisor of 15 and 1920?
15
What is the greatest common factor of 2590 and 280?
70
Calculate the greatest common factor of 11 and 1221.
11
Calculate the highest common factor of 1755 and 45.
45
What is the highest common divisor of 48621 and 228?
57
What is the highest common factor of 8900 and 350?
50
Calculate the highest common divisor of 513 and 57.
57
Calculate the highest common divisor of 288 and 108.
36
Calculate the highest common factor of 25 and 1325.
25
What is the greatest common factor of 1633 and 23?
23
What is the highest common divisor of 1062 and 590?
118
What is the highest common factor of 16 and 646?
2
What is the greatest common factor of 104 and 1832?
8
Calculate the greatest common divisor of 21 and 2289.
21
What is the highest common factor of 75 and 1425?
75
Calculate the greatest common factor of 395 and 10.
5
Calculate the highest common divisor of 114 and 102.
6
Calculate the greatest common divisor of 96 and 1000.
8
Calculate the highest common factor of 2 and 192.
2
What is the greatest common factor of 94 and 4042?
94
Calculate the highest common divisor of 9 and 7389.
9
What is the greatest common factor of 105 and 300?
15
Calculate the highest common divisor of 90 and 1575.
45
Calculate the greatest common factor of 754 and 58.
58
What is the greatest common divisor of 315 and 21?
21
What is the highest common factor of 164 and 820?
164
What is the highest common factor of 14 and 2?
2
Calculate the highest common factor of 188 and 8.
4
Calculate the greatest common divisor of 100 and 350.
50
What is the highest common factor of 328 and 104?
8
What is the greatest common divisor of 20 and 25110?
10
Calculate the greatest common factor of 14 and 147.
7
Calculate the greatest common factor of 168 and 21336.
168
What is the highest common factor of 806 and 62?
62
What is the greatest common factor of 1308 and 228?
12
Calculate the highest common divisor of 228 and 57.
57
What is the greatest common divisor of 14 and 3542?
14
Calculate the highest common factor of 120 and 9384.
24
Calculate the greatest common divisor of 3244 and 12.
4
What is the greatest common factor of 290 and 174?
58
What is the greatest common divisor of 340 and 17?
17
What is the highest common factor of 77 and 1771?
77
Calculate the greatest common factor of 210 and 168.
42
Calculate the highest common factor of 59 and 16.
1
What is the highest common divisor of 105 and 609?
21
Calculate the greatest common divisor of 34304 and 67.
67
Calculate the highest common factor of 429 and 78.
39
Calculate the greatest common divisor of 844 and 4.
4
Calculate the greatest common divisor of 656 and 1394.
82
Calculate the highest common divisor of 116 and 87.
29
Calculate the highest common factor of 774 and 43.
43
Calculate the highest common divisor of 1378 and 26.
26
Calculate the greatest common divisor of 3060 and 720.
180
Calculate the highest common divisor of 642 and 749.
107
Calculate the highest common factor of 6561 and 63.
9
Calculate the greatest common factor of 888 and 111.
111
Calculate the highest common divisor of 8 and 3016.
8
What is the greatest common factor of 441 and 9?
9
What is the greatest common factor of 18 and 110?
2
What is the highest common divisor of 575 and 50?
25
Calculate the greatest common divisor of 30 and 28875.
15
Calculate the highest common divisor of 18 and 4509.
9
What is the greatest common divisor of 64 and 192?
64
What is the highest common factor of 106 and 1590?
106
What is the greatest common divisor of 1672 and 228?
76
What is the highest common factor of 316 and 79?
79
Calculate the highest common factor of 1386 and 220.
22
Calculate the greatest common divisor of 88 and 506.
22
Calculate the highest common divisor of 38 and 266.
38
Calculate the greatest common divisor of 795 and 15.
15
Calculate the highest common factor of 105 and 45.
15
What is the highest common factor of 40 and 61720?
40
Calculate the highest common factor of 780 and 16068.
156
What is the greatest common divisor of 15 and 1245?
15
What is the highest common divisor of 75 and 1605?
15
Calculate the greatest common factor of 680 and 85.
85
Calculate the greatest common factor of 75 and 555.
15
What is the high